u - 4*l + 21, -c*u - 3*l = -31. Suppose -3 = -v, 2*v - 93 = -j + u*v. What is the tens digit of j?
9
Suppose -4*d - 4*g - 2 = -2*g, 3*g + 21 = 3*d. Let c(y) = 4*y**3 - 3*y**3 + 72*y**2 - 73*y**d + 193. What is the tens digit of c(0)?
9
Let v(a) be the third derivative of 3*a**4/8 + 2*a**3/3 + 9*a**2. Let k be v(-8). What is the units digit of 0 - (-4)/((-16)/k)?
7
Suppose 4*p = 2*y + 80, 0 = -3*p - 2*y - y + 42. Let c = -49 + p. What is the units digit of (0 - 4/2)*c?
2
Suppose -g = -5*g + 16. Suppose -d + 2*y - 1218 = -5*d, -4*d = g*y - 1208. What is the tens digit of d?
0
Let z = -2228 - -3716. Suppose 29*b - z = 21*b. What is the hundreds digit of b?
1
Let c be (15/(-4))/(99/(-24) - -4). Suppose -d - 5*d = -c. What is the tens digit of (3/2)/(d/(-3950)*-5)?
3
Let v be (-7 - 57 - -6)/((-4)/6). Let u = v + -282. What is the units digit of 1 + 0 + (28/7 - u)?
0
What is the ten thousands digit of (-7)/((-42)/147334) - ((-4)/3 - -1)?
2
Let q(r) = -6*r**2 + 23*r**2 - 15*r**2 - 3 + r - 11*r**3 + 4. What is the hundreds digit of q(-3)?
3
Let u(n) = -8 + 45*n + 53*n - 2*n**2 - 1 + 9*n + 3*n**2. What is the hundreds digit of u(13)?
5
Let f(l) = 150*l + 8*l**2 + 152*l + 3 - 306*l. Suppose 12 = 2*u + 2*u. What is the units digit of f(u)?
3
What is the thousands digit of ((-1419)/(-22))/(9/1068)?
7
Let w = -657 + 7629. What is the tens digit of w?
7
Suppose -372 = -2*u - 354. Suppose u*d = 11*d - 1474. What is the tens digit of d?
3
Let q be (10/(-4) - -2) + 2/4. Suppose 4*c - 4420 = -31*d + 36*d, -4*c - 5*d + 4460 = q. What is the hundreds digit of c?
1
Let q(f) = -f**2 - 9 + 16 - 4*f**3 + 0*f**3 + 2*f + 10 - 33*f**2. What is the tens digit of q(-10)?
9
Let i = 10395 - 2464. What is the tens digit of i?
3
Let i(o) = -o**3 - 17*o**2 - 18*o - 12. Let p be i(-16). Suppose -p*k - 882 + 6842 = 0. What is the units digit of k?
8
Suppose -5*c + 79298 = -4*s, -6*s + 10*s - 63460 = -4*c. What is the units digit of c?
2
Let o(z) = -17*z - 99. Let p be o(-6). Let g(h) = 47*h + 4. What is the units digit of g(p)?
5
Suppose -5*r - 3*j + 6017 = -2*j, -4*j - 12 = 0. Let t = r - 619. What is the tens digit of t?
8
Suppose 724*r = 739*r - 112035. What is the thousands digit of r?
7
What is the hundreds digit of 31 - 327376/(-28) - (-3)/1?
7
Let t(l) = -l**3 + 4*l + 1. Suppose -26 = -0*x - 5*x + 4*a, 0 = -2*x + 3*a + 9. Let p(i) = -2*i**2 + 14*i - 15. Let c be p(x). What is the tens digit of t(c)?
1
Suppose -197*z + 179566 = -61*z - 498258. What is the thousands digit of z?
4
Let x = 11553 - -2515. What is the thousands digit of x?
4
Let b = -1382 + 1310. Let t(n) = -21*n - 3. Let y be t(6). Let k = b - y. What is the units digit of k?
7
Let a(g) = -555*g - 31. Let h be a(-2). Suppose 2*m + 5*c - 2800 = h, 4*m = 2*c + 7722. What is the tens digit of m?
3
Let z = -8087 - -27024. What is the ten thousands digit of z?
1
What is the thousands digit of (6/(-14))/(125/(-1306375))?
4
Suppose 0 = 3*g + 24, 126 + 51798 = 3*l - 3*g. What is the units digit of l?
0
Suppose j - 14 = -5*m, 7*m = 3*m - j + 11. Suppose 5*g + o - 417 = 3*o, m*o - 163 = -2*g. Let f = -24 + g. What is the units digit of f?
9
Let n(w) be the third derivative of 6*w**4 + 70*w**3/3 + 2*w**2 - 24*w. What is the tens digit of n(5)?
6
Suppose 23*s - 46*s + 41124 = -17*s. What is the thousands digit of s?
6
Suppose 0 = 4*k + 50*k - 219294. What is the units digit of k?
1
Let d = 320 - -171. Suppose -5*r + 35*t + 2455 = 30*t, r + t - d = 0. What is the hundreds digit of r?
4
Suppose 0 = -k + 742 - 738. Let z(b) = -24*b - 4. Let v be z(-5). Suppose v = k*l - 184. What is the tens digit of l?
7
Let l = 32 + -48. Let p(z) = -z - 13. Let n be p(l). Suppose 0 = 4*x + n - 63. What is the units digit of x?
5
Suppose -2*b + 3*c + 18551 = 0, b - 9289 = 68*c - 71*c. What is the hundreds digit of b?
2
Let w(g) = 6*g**2 + 2*g - 31. Let m(r) = -3*r**3 + 15*r**2 + 2*r - 3. Let s be m(5). What is the tens digit of w(s)?
7
Let j(a) = 2*a**2 + 1. Let c(d) = -2*d**2 - 5*d - 1. Let k be 1/((-33)/45 - 2/(-5)). Let s be c(k). What is the units digit of j(s)?
3
Let b(x) = 38*x - 2. Let k(o) = o**3 + 2*o**2 - 2*o + 8. Let m be k(0). What is the tens digit of b(m)?
0
Suppose 126*l - 83*l + 1297760 = 75*l. What is the ten thousands digit of l?
4
What is the thousands digit of 627490/12 + (-14)/36*(-192)/448?
2
Let k be 52/(-44) + 1 - (-2912)/44. Let o = k - -129. What is the tens digit of o?
9
Suppose 2*k + 132 = 5*g, -2*k - 80 = -g - 2*g. Suppose -g*w = -24*w + 8. What is the units digit of w*4/6*414/(-12)?
2
Suppose -13211 + 580 = -5*b + 6*f, 4*b = 3*f + 10112. What is the hundreds digit of b?
5
Let o(a) be the third derivative of -18*a**2 + 0*a - 5/6*a**3 + 1/8*a**4 + 29/60*a**5 + 0. What is the hundreds digit of o(2)?
1
Let w(h) = 8*h**3 - 40*h**3 + 4*h**2 - 16 - 2*h + 20*h**3. Let n be w(3). What is the units digit of 3*n/15*-2?
4
Suppose -g + 5*y + 8656 = 0, -4*g + 4*y + 41543 - 6967 = 0. What is the units digit of g?
1
Let a be (-31768)/(-9) + 148/666. Suppose 2*n = -2, -9*n - a = -3*w - 10*n. What is the units digit of w?
7
Suppose 33*m = 31*m + 3*z - 2509, -2*m - 2508 = -4*z. What is the units digit of (-1 + (-1)/2)*m/4?
1
Let h(b) = 4*b**3 + 26*b**2 - 21*b + 155. Let g(m) = 11*m**3 + 76*m**2 - 61*m + 466. Let q(t) = -3*g(t) + 8*h(t). What is the hundreds digit of q(-22)?
4
Let z = -74 + 32. Let a = -38 - z. Suppose 5*m + 160 = 5*f, -f + a*f = -2*m + 106. What is the tens digit of f?
3
Let c be 24/32*20/3. Suppose -8*y - 4*n = -c*y - 665, -5*y = -4*n - 1119. What is the tens digit of y?
2
Suppose -2533 = -2*t + 2955. What is the thousands digit of t?
2
Let c be 176/33*(-36)/16*-2. Suppose 4*p - 21 = 47. Suppose p*z = c*z - 413. What is the tens digit of z?
5
What is the thousands digit of 0 + 1 - (-214 - 6637)?
6
Let s(p) = 140*p + 1279. What is the thousands digit of s(49)?
8
Let l(h) = -2*h**3 + 115*h**2 - 131*h + 465. What is the thousands digit of l(46)?
3
Suppose 0 = -9353*o + 9348*o + 4145. What is the tens digit of o?
2
Let t = -60 + 217. Suppose t*f - 1239 = 154*f. What is the tens digit of f?
1
What is the hundreds digit of 2493234/45 + (472/40 - 13)?
4
Let j = 49 + -101. Let b be (-12)/(-32) + j/(-32). Suppose 97 = 3*c - q - 39, 0 = -b*c + 2*q + 92. What is the tens digit of c?
4
Let o be 1495/1 - (0 + 0). Suppose -5*x + o = -0*x. What is the hundreds digit of x?
2
Let n(p) = -p**3 - 7*p**2 + p + 19. Let b be n(-7). Let m(r) = r**3 - 7*r**2 - 16*r - 15. What is the units digit of m(b)?
3
What is the thousands digit of -13 - -12 - -9683 - 2?
9
Let g(z) = -26 + 7*z**2 + 16*z**3 + 3*z - 21*z**3 + 4. What is the units digit of g(-4)?
8
Let l(i) = 816*i + 3230. What is the tens digit of l(50)?
3
Let c = -130 - -128. Let b be 5978/70 + c/5. Suppose r - 85 = -2*z + b, -2*z = -3*r + 486. What is the tens digit of r?
6
Let d = -11746 + 17645. What is the hundreds digit of d?
8
Suppose 40*x - 39*x = 1335. Suppose 4*p - x = -191. What is the units digit of p?
6
Let l(s) = -6*s + 3101. What is the thousands digit of l(-39)?
3
Let r(k) = 12*k**3 - 6*k**2 - 3 + 13 + 6*k**3 - 17*k**3 - k. Let u be r(6). What is the units digit of (111/(-1))/(-1 - 2/u)?
4
Let l(d) = -d - 21. Let w be l(-14). Let h(b) = -3*b - 4. Let k be h(w). Suppose -19*g = -k*g - 52. What is the units digit of g?
6
Suppose 99 = -24*n + 747. Let q be ((-1)/(-2))/(1/(-2)). What is the units digit of (126/n)/(q/(-15))?
0
Let m(t) be the second derivative of -13*t**3/6 - 8*t**2 - 2*t. Let j be m(-16). What is the tens digit of j/(-4)*18/(-8)?
0
Let v(c) be the second derivative of c**4/4 + 7*c**3/6 - 2*c**2 - c. Let z be 4719/(-572) - 2/(-8). What is the units digit of v(z)?
2
Let u(m) = 61*m - 1. Let a = -416 + 422. What is the units digit of u(a)?
5
Suppose 5*p + 3*n = 30303 + 101027, -105071 = -4*p - n. What is the ten thousands digit of p?
2
Suppose -11*x + 58232 = -3676. What is the units digit of x?
8
Suppose 27838 = 90*k - 207692. What is the thousands digit of k?
2
Suppose 0 = 30*m - 33*m + 3*f + 19827, -3*m - 5*f = -19859. Suppose -16*n + 6667 = -m. What is the hundreds digit of n?
8
Let x(h) = 6*h - 2*h - 3*h + 0*h - 3. Let i be x(5). What is the tens digit of (-4)/6*i/4*-246?
8
Let l = -8897 + 15811. What is the units digit of l?
4
Suppose -5*a = 3*h -